ple of 268?
True
Is 161 even?
False
Does 6 divide 64062?
True
Does 13 divide 68866?
False
Does 16 divide 54912?
True
Does 42 divide 42?
True
Is 137 a factor of 58910?
True
Is 5925 a multiple of 75?
True
Is 9 a factor of 610?
False
Does 17 divide 41165?
False
Is 9 a factor of 559?
False
Is 165 even?
False
Is 36 a factor of 8620?
False
Is 43 a factor of 17716?
True
Is 200 a multiple of 20?
True
Is 6 a multiple of 6?
True
Is 22 a factor of 1031?
False
Is 208 a factor of 6132?
False
Does 91 divide 1183?
True
Does 19 divide 1005?
False
Is 770 a multiple of 35?
True
Is 145 a factor of 50315?
True
Does 5 divide 405?
True
Is 525 a multiple of 6?
False
Is 2774 a multiple of 48?
False
Does 7 divide 4396?
True
Is 13 a factor of 1559?
False
Does 23 divide 18722?
True
Is 39 a factor of 6468?
False
Is 14 a factor of 67599?
False
Is 23052 a multiple of 17?
True
Is 2179 a multiple of 5?
False
Is 149 a factor of 15935?
False
Is 52 a factor of 5320?
False
Is 20373 a multiple of 195?
False
Does 42 divide 336?
True
Does 20 divide 120778?
False
Does 23 divide 8280?
True
Is 1599 a multiple of 13?
True
Does 22 divide 176?
True
Does 24 divide 4375?
False
Is 60 a factor of 3475?
False
Does 29 divide 667?
True
Does 4 divide 2449?
False
Does 120 divide 39840?
True
Does 32 divide 864?
True
Is 63 a factor of 12619?
False
Is 6 a factor of 1840?
False
Is 80 a multiple of 11?
False
Is 33125 a multiple of 19?
False
Is 37 a factor of 946?
False
Does 10 divide 65?
False
Is 9219 a multiple of 7?
True
Is 1109 a multiple of 2?
False
Does 105 divide 3315?
False
Is 11 a factor of 672?
False
Is 47 a factor of 18223?
False
Is 540 a multiple of 60?
True
Is 4638 a multiple of 85?
False
Does 65 divide 6825?
True
Is 40 a factor of 1388?
False
Is 16 a factor of 9165?
False
Does 26 divide 11518?
True
Is 3918 even?
True
Is 182 a multiple of 26?
True
Does 40 divide 4671?
False
Does 29 divide 1479?
True
Is 13452 a multiple of 114?
True
Is 3 a factor of 493?
False
Is 5 a factor of 9274?
False
Does 11 divide 264?
True
Does 8 divide 34944?
True
Does 3 divide 9?
True
Does 35 divide 595?
True
Does 66 divide 12737?
False
Is 3 a factor of 586?
False
Is 19625 a multiple of 20?
False
Is 189 a factor of 27048?
False
Is 235 a multiple of 12?
False
Is 283 a factor of 566?
True
Does 13 divide 9165?
True
Is 180 a multiple of 45?
True
Is 1452 a multiple of 33?
True
Is 2925 a multiple of 9?
True
Does 14 divide 3136?
True
Is 290 a multiple of 27?
False
Is 35 a factor of 1043?
False
Is 5280 a multiple of 26?
False
Is 5292 a multiple of 16?
False
Is 24 a factor of 552?
True
Does 47 divide 2090?
False
Does 10 divide 868?
False
Does 83 divide 61166?
False
Is 560 a multiple of 28?
True
Does 9 divide 657?
True
Is 22 a factor of 396?
True
Does 44 divide 1012?
True
Is 11704 a multiple of 88?
True
Is 8 a factor of 14688?
True
Does 3 divide 894?
True
Does 12 divide 12410?
False
Does 32 divide 725?
False
Is 28 a factor of 11270?
False
Is 157 a multiple of 5?
False
Is 775 a multiple of 18?
False
Is 5 a factor of 678?
False
Does 6 divide 3665?
False
Does 129 divide 36754?
False
Is 63 a multiple of 21?
True
Does 16 divide 1791?
False
Does 16 divide 420?
False
Is 42 a factor of 3234?
True
Is 4669 a multiple of 53?
False
Does 99 divide 675?
False
Is 20 a factor of 5658?
False
Does 191 divide 3690?
False
Is 4776 a multiple of 6?
True
Is 1504 a multiple of 8?
True
Does 9 divide 504?
True
Does 7 divide 1758?
False
Does 43 divide 250?
False
Is 6986 a multiple of 31?
False
Is 21240 a multiple of 70?
False
Is 13 a factor of 2037?
False
Is 160530 a multiple of 15?
True
Is 32 a factor of 56106?
False
Is 17240 a multiple of 5?
True
Is 13 a factor of 2145?
True
Is 8769 a multiple of 111?
True
Is 15617 a multiple of 22?
False
Does 13 divide 434?
False
Is 54493 a multiple of 204?
False
Is 762 a multiple of 39?
False
Is 6593 a multiple of 23?
False
Is 15078 a multiple of 14?
True
Is 880 a multiple of 3?
False
Is 25 a factor of 629?
False
Does 147 divide 23226?
True
Does 50 divide 13107?
False
Is 27 a factor of 42012?
True
Does 115 divide 21275?
True
Is 15 a factor of 13965?
True
Is 247 a factor of 65026?
False
Is 520 a multiple of 40?
True
Does 10 divide 55?
False
Does 2 divide 424?
True
Is 951 a multiple of 11?
False
Is 26 a factor of 4836?
True
Is 6 a factor of 2923?
False
Does 39 divide 411?
False
Does 3 divide 160?
False
Is 38 a factor of 2930?
False
Is 1113 a multiple of 7?
True
Is 47 a multiple of 9?
False
Is 116 a factor of 27164?
False
Does 85 divide 2635?
True
Does 82 divide 902?
True
Is 9 a factor of 370?
False
Does 58 divide 28045?
False
Is 26 a factor of 7238?
False
Is 6 a factor of 13?
False
Is 24 a factor of 684?
False
Is 27 a factor of 3078?
True
Does 21 divide 14759?
False
Is 13 a factor of 6071?
True
Is 21605 a multiple of 149?
True
Is 77 a factor of 10318?
True
Does 25 divide 17009?
False
Does 47 divide 50935?
False
Does 15 divide 9420?
True
Is 15 a factor of 190270?
False
Is 26 a factor of 2756?
True
Does 113 divide 1943?
False
Is 19 a factor of 1045?
True
Does 8 divide 60704?
True
Does 85 divide 9095?
True
Does 43 divide 1376?
True
Is 1254 a multiple of 40?
False
Does 30 divide 1860?
True
Does 46 divide 1777?
False
Does 14 divide 1554?
True
Is 11 a multiple of 11?
True
Does 84 divide 37064?
False
Is 61 even?
False
Does 16 divide 14985?
False
Does 116 divide 42627?
False
Is 6829 a multiple of 4?
False
Is 222 even?
True
Is 1242 a multiple of 54?
True
Does 34 divide 1360?
True
Is 25 a factor of 4841?
False
Is 1243 a multiple of 62?
False
Does 43 divide 18060?
True
Is 7142 a multiple of 6?
False
Does 48 divide 430?
False
Is 4 a factor of 6330?
False
Is 51 a factor of 4947?
True
Does 63 divide 4834?
False
Is 10105 a multiple of 235?
True
Does 8 divide 379?
False
Is 54 a factor of 10152?
True
Is 13 a factor of 65?
True
Is 1006 a multiple of 12?
False
Is 101 a factor of 5457?
False
Does 213 divide 43658?
False
Is 2710 a multiple of 102?
False
Is 3248 a multiple of 8?
True
Is 44 a factor of 605?
False
Is 198 a multiple of 22?
True
Is 2451 a multiple of 57?
True
Is 6 a factor of 1636?
False
Does 130 divide 7633?
False
Does 5 divide 47427?
False
Is 883 a multiple of 18?
False
Is 12264 a multiple of 14?
True
Does 31 divide 732?
False
Is 7 a factor of 29342?
False
Is 336 a multiple of 24?
True
Is 2745 a multiple of 46?
False
Is 4116 a multiple of 12?
True
Is 4950 a multiple of 25?
True
Is 3870 a multiple of 18?
True
Does 213 divide 34341?
False
Is 137 a factor of 9727?
True
Does 9 divide 3439?
False
Is 17 a factor of 835?
False
Does 4 divide 812?
True
Is 1482 a multiple of 37?
False
Is 3913 a multiple of 43?
True
Is 390 a multiple of 13?
True
Is 809 a multiple of 13?
False
Does 159 divide 27825?
True
Is 20 a factor of 53?
False
Is 5972 a multiple of 35?
False
Is 8 a factor of 977?
False
Does 238 divide 35224?
True
Is 710 a multiple of 33?
False
Does 8 divide 368?
True
Is 7 a factor of 2381?
False
Does 107 divide 102613?
True
Is 47658 a multiple of 47?
True
Does 74 divide 370?
True
Is 798 a multiple of 85?
False
Is 11 a factor of 121?
True
Is 12174 a multiple of 51?
False
Is 15302 a multiple of 29?
False
Is 1001 a multiple of 25?
False
Is 18 a factor of 918?
True
Does 175 divide 8575?
True
Is 11342 a multiple of 56?
False
Is 5 a factor of 17713?
False
Is 32 a factor of 6048?
True
Does 33 divide 51282?
True
Is 12 a factor of 3276?
True
Is 1625 a multiple of 25?
True
Is 8 a factor of 208?
True
Is 40 a factor of 31040?
True
Is 5 a factor of 525?
True
Is 18 a factor of 6012?
True
Does 5 divide 4202?
False
Is 2736 a multiple of 4?
True
Is 11340 a multiple of 10?
True
Does 26 divide 452?
False
Does 188 divide 46857?
False
Is 189 a multiple of 14?
False
Does 140 divide 13976?
False
Is 748 a multiple of 4?
True
Is 232 a multiple of 15?
False
Does 21 divide 441?
True
Is 107334 a multiple of 9?
True
Is 1846 a multiple of 71?
True
Does 33 divide 540?
False
Does 42 divide 590?
False
Is 552 a multiple of 23?
True
Does 7 divide 20?
False
Does 12 divide 480?
True
Is 46 a factor of 5152?
True
Is 1550 a multiple of 25?
True
Does 7 divide 240?
False
Is 4 a factor of 165?
False
Is 26895 a multiple of 83?
False
Does 4 divide 827?
False
Does 3 divide 162?
True
Is 408 a multiple of 28?
False
Is 585 a multiple of 13?
True
Does 9 divide 1175?
False
I